{"id":108,"date":"2018-02-12T13:59:21","date_gmt":"2018-02-12T12:59:21","guid":{"rendered":"https:\/\/fr.koddos.net\/blog\/?page_id=108"},"modified":"2018-02-12T14:11:20","modified_gmt":"2018-02-12T13:11:20","slug":"netpbm","status":"publish","type":"page","link":"https:\/\/fr.koddos.net\/blog\/netpbm\/","title":{"rendered":"Netpbm"},"content":{"rendered":"<p>Ceci est la page d&rsquo;accueil de Netpbm.<br \/>\nIl y a des <a href=\"http:\/\/netpbm.sourceforge.net\/#translations\">traductions<\/a> de cette page en hindi, arabe, russe, italien, turc, ukrainien, indon\u00e9sien, roumain, bi\u00e9lorusse, albanais et estonien.<\/p>\n<p><strong>\u00c0 propos de Netpbm<\/strong><\/p>\n<p>Netpbm est une bo\u00eete \u00e0 outils pour la manipulation d&rsquo;images graphiques, y compris la conversion d&rsquo;images entre diff\u00e9rents formats. Il y a plus de 300 outils distincts dans le paquet, y compris des convertisseurs pour environ 100 formats graphiques.<\/p>\n<p>Voici des exemples du type de manipulation d&rsquo;image dont nous parlons: R\u00e9duire une image de 10%; Couper la moiti\u00e9 sup\u00e9rieure d&rsquo;une image; Faire une image miroir; Cr\u00e9ation d&rsquo;une s\u00e9quence d&rsquo;images qui s&rsquo;estompent d&rsquo;une image \u00e0 l&rsquo;autre.<\/p>\n<p>Pour plus de d\u00e9tails, consultez le <a href=\"http:\/\/netpbm.sourceforge.net\/doc\">manuel d&rsquo;utilisation<\/a>.<\/p>\n<p>Le paquet est destin\u00e9 \u00e0 \u00eatre portable sur de nombreuses plateformes. Il a, au moins \u00e0 un moment donn\u00e9, \u00e9t\u00e9 test\u00e9 sous diff\u00e9rents syst\u00e8mes bas\u00e9s sur Unix, Windows, Mac OS X, VMS et Amiga OS. Le mainteneur l&rsquo;utilise et le construit sur un syst\u00e8me Linux.<\/p>\n<p>Le but de Netpbm est d&rsquo;\u00eatre une source unique pour tous les utilitaires graphiques primitifs, en particulier les convertisseurs, dont on pourrait avoir besoin. Donc, si vous connaissez des logiciels librement redistribuables dans cette veine qui ne sont pas encore dans le paquet, vous devriez le signaler au responsable de Netpbm afin qu&rsquo;il puisse \u00eatre inclus dans la prochaine version.<\/p>\n<p>Netpbm ne contient pas d&rsquo;outils interactifs et n&rsquo;a pas d&rsquo;interface graphique. Les programmes sont utiles invoqu\u00e9s \u00e0 partir d&rsquo;une commande shell typ\u00e9e, mais la plupart sont \u00e9galement orient\u00e9s vers une utilisation interne par un programme.<\/p>\n<p><strong>Obtenir Netpbm<\/strong><\/p>\n<p>Voir <a href=\"http:\/\/netpbm.sourceforge.net\/getting_netpbm.php\">Obtenir Netpbm<\/a>.<\/p>\n<p><strong>Compilation et installation<\/strong><\/p>\n<p>Les instructions de compilation et d&rsquo;installation de Netpbm se trouvent dans l&rsquo;arborescence source Netpbm du fichier <strong>doc\/INSTALL<\/strong>.<\/p>\n<p><strong>Soutien<\/strong><\/p>\n<p>Il n&rsquo;y a pas de liste de diffusion ni de syst\u00e8me de suivi pour les rapports de bugs et les demandes d&rsquo;aide. Envoyez simplement un courriel au mainteneur, Bryan Henderson, \u00e0 <a href=\"mailto:bryanh@giraffe-data.com\">bryanh@giraffe-data.com<\/a>. Bryan r\u00e9pond assez rapidement et de mani\u00e8re fiable.<\/p>\n<p>Veuillez d&rsquo;abord v\u00e9rifier l&rsquo;<a href=\"http:\/\/netpbm.sourceforge.net\/change.html\">historique des modifications<\/a> de votre s\u00e9rie de versions pour voir si le bug a d\u00e9j\u00e0 \u00e9t\u00e9 corrig\u00e9. L&rsquo;option <strong>&#8211;version<\/strong> de la plupart des programmes Netpbm vous indique quelle version vous utilisez.<\/p>\n<p>Il n&rsquo;y a pas de syst\u00e8me de suivi des bugs car il n&rsquo;y a pas assez de rapports de bugs pour le rendre utile. Le responsable r\u00e9pond imm\u00e9diatement \u00e0 chaque rapport envoy\u00e9 par courrier \u00e9lectronique.<\/p>\n<p>Notez qu&rsquo;il n&rsquo;existe g\u00e9n\u00e9ralement pas de bug signal\u00e9, mais aucun correctif r\u00e9pertori\u00e9 dans l&rsquo;historique des modifications. C&rsquo;est parce que lorsqu&rsquo;un bug est signal\u00e9, il y a une nouvelle version dans quelques jours pour le r\u00e9parer (ou un changement de documentation ne le rendant pas un bug).<\/p>\n<p><strong>D\u00e9veloppement<br \/>\n<\/strong><br \/>\nNetpbm est maintenu et distribu\u00e9 via un projet Sourceforge.<\/p>\n<p><a href=\"https:\/\/sourceforge.net\"><img loading=\"lazy\" decoding=\"async\" class=\"alignnone size-medium\" src=\"https:\/\/sourceforge.net\/sflogo.php?group_id=5128&amp;type=1\" width=\"88\" height=\"14\" \/><\/a><\/p>\n<p><strong>Conditions pr\u00e9alables<\/strong><\/p>\n<p>Si vous rencontrez des probl\u00e8mes pour obtenir, cr\u00e9er ou installer les pr\u00e9requis, le mainteneur Netpbm veut le savoir. Puisqu&rsquo;il les utilise lui-m\u00eame, il peut vous aider. Et s&rsquo;il y a un probl\u00e8me avec un paquet pr\u00e9requis que son propre responsable ne peut pas r\u00e9soudre, il peut \u00eatre possible d&rsquo;exp\u00e9dier un correctif avec Netpbm.<\/p>\n<p>Pour construire et installer Netpbm, vous avez besoin de GNU Make et d&rsquo;un interpr\u00e9teur Perl. Vous pouvez obtenir GNU Make \u00e0 partir du <a href=\"http:\/\/www.gnu.org\/software\">projet GNU<\/a> et Perl \u00e0 partir du <a href=\"http:\/\/www.cpan.org\/\">CPAN<\/a>. Il est possible de contourner l&rsquo;exigence Perl en ex\u00e9cutant certaines des \u00e9tapes sur une machine diff\u00e9rente qui a Perl et en faisant d&rsquo;autres manuellement. Il n&rsquo;y a pas de substitut pratique pour GNU Make.<\/p>\n<p>Le paquet Netpbm dans son ensemble utilise plus d&rsquo;une demi-douzaine de biblioth\u00e8ques externes, mais vous n&rsquo;avez pas n\u00e9cessairement besoin de les installer tous pour construire Netpbm. Chaque biblioth\u00e8que est utilis\u00e9e par quelques programmes Netpbm, et si vous n&rsquo;avez pas la biblioth\u00e8que, la construction Netpbm ignore automatiquement la construction de ces parties. Voir la <a href=\"http:\/\/netpbm.sourceforge.net\/prereq.html\">liste des pr\u00e9requis<\/a>.<\/p>\n<p>pstopnm (le convertisseur d&rsquo;image Postscript en PNM) requiert <a href=\"http:\/\/www.ghostscript.com\/\">Ghostscript<\/a> (install\u00e9 avec le nom gs dans le chemin de recherche de votre commande). Et il n\u00e9cessite en particulier que Ghostscript soit construit avec les pilotes de p\u00e9riph\u00e9riques PNM concern\u00e9s.<\/p>\n<p>Pratiquement tout compilateur C fonctionne sauf <a href=\"http:\/\/netpbm.sourceforge.net\/gcc296.html\">Gcc 2.96<\/a>.<\/p>\n<p>Netpbm n\u00e9cessite environ 6 Mo d&rsquo;espace disque, sans compter la documentation. La documentation est de 2 Mo, mais vous ne devez pas n\u00e9cessairement l&rsquo;installer; vous pouvez simplement acc\u00e9der \u00e0 la copie publique.<\/p>\n<p><strong>Utilit\u00e9 juridique<\/strong><\/p>\n<p>Netpbm est constitu\u00e9 de codes fournis par de nombreux auteurs et la plupart d&rsquo;entre eux ont des droits d&rsquo;auteur sur au moins le code qu&rsquo;ils ont \u00e9crit, et peut-\u00eatre des parties plus grandes qui en d\u00e9coulent. Tous les auteurs vous ont accord\u00e9 le droit d&rsquo;utiliser et de distribuer leur code sans avoir \u00e0 les payer, tant que vous remplissez certaines conditions simples. Toutes ces licences publiques sont des licences \u00ab\u00a0open source\u00a0\u00bb telles que d\u00e9finies par SourceForge (SourceForge en fait une condition de distribution du code).<\/p>\n<p>Vous pouvez g\u00e9n\u00e9ralement trouver une offre de licence de copyright dans les fichiers de code source. Les licences GPL, BSD, MIT et BSD sont parmi celles propos\u00e9es. Steve McIntyre a fait une \u00e9tude du code source en 2001 afin de d\u00e9terminer ce qui pourrait \u00eatre inclus dans Debian et a r\u00e9sum\u00e9 ce qu&rsquo;il a trouv\u00e9 dans le fichier <a href=\"http:\/\/netpbm.svn.code.sourceforge.net\/p\/netpbm\/code\/trunk\/doc\/copyright_summary\">copyright_summary<\/a> dans l&rsquo;arborescence des sources.<\/p>\n<p>Bien s\u00fbr, avec Netpbm comme avec la plupart des logiciels open source, vous ne pouvez pas \u00eatre s\u00fbr de qui a \u00e9crit le code ou si les offres de licence que vous trouvez proviennent en fait des personnes qui d\u00e9tiennent le copyright. Quelqu&rsquo;un \u00e0 un moment donn\u00e9 peut avoir copi\u00e9 le code sans autorisation et l&rsquo;avoir contribu\u00e9 \u00e0 Netpbm, ce qui signifie que si vous le copiez plus loin, vous pourriez devoir redevances au propri\u00e9taire du copyright. Cependant, le risque de cette situation devrait \u00eatre faible, car aucune contribution \u00e0 Netpbm n&rsquo;est suffisamment importante pour qu&rsquo;un tel titulaire de droits d&rsquo;auteur puisse imposer le droit d&rsquo;auteur.<\/p>\n<p>Le mainteneur Netpbm n&rsquo;a re\u00e7u aucune garantie que le code est sous licence et n&rsquo;offre aucune garantie \u00e0 quiconque.<\/p>\n<p>Il pourrait y avoir des brevets pratiqu\u00e9s par le code Netpbm, ce qui rendrait un utilisateur du code responsable des redevances au d\u00e9tenteur du brevet. Le responsable Netpbm n&rsquo;a aucune licence pour utiliser des brevets. Ce que l&rsquo;on sait des brevets affectant Netpbm se trouve dans le fichier <a href=\"http:\/\/netpbm.svn.code.sourceforge.net\/p\/netpbm\/code\/trunk\/doc\/patent_summary\">patent_summary<\/a> dans l&rsquo;arborescence des sources.<\/p>\n<p><strong>Utilisation de Netpbm dans un site Web<\/strong><\/p>\n<p>De nombreuses personnes utilisent Netpbm pour ex\u00e9cuter des fonctions graphiques sur un site Web. Ils ont des scripts CGI qui invoquent des programmes Netpbm pour traiter les images \u00e0 afficher sur une page Web. Gallery et 4Images sont deux logiciels de sites Web qui s&rsquo;appuient sur Netpbm pour la manipulation de graphiques.<\/p>\n<p>L&rsquo;installation de Netpbm requiert des comp\u00e9tences et un acc\u00e8s au syst\u00e8me diff\u00e9rents de l&rsquo;installation de la plupart des autres logiciels de site Web. Vous devez \u00eatre capable de compiler le code C pour la machine du serveur Web et avoir une compr\u00e9hension de base de la fa\u00e7on dont les fichiers sont organis\u00e9s et les programmes ex\u00e9cut\u00e9s sur le serveur Web. Le diagnostic des probl\u00e8mes in\u00e9vitables n\u00e9cessite g\u00e9n\u00e9ralement un acc\u00e8s shell au serveur Web.<\/p>\n<p>Netpbm est un logiciel graphique de base qui devrait \u00eatre fourni par n&rsquo;importe quel service d&rsquo;h\u00e9bergement Web. S&rsquo;il n&rsquo;est pas d\u00e9j\u00e0 sur votre serveur Web, vous devez demander \u00e0 l&rsquo;administrateur syst\u00e8me de l&rsquo;ajouter.<\/p>\n<p><strong>Popularit\u00e9<br \/>\n<\/strong><br \/>\nLa popularit\u00e9 de Netpbm est principalement historique. Il fut un temps o\u00f9 c&rsquo;\u00e9tait le premier logiciel de traitement graphique au monde, mais \u00e0 cette \u00e9poque, les ordinateurs \u00e9taient principalement utilis\u00e9s par des ing\u00e9nieurs et des scientifiques &#8211; des gens qui \u00e9taient \u00e0 l&rsquo;aise de taper des commandes shell et d&rsquo;\u00e9crire des programmes. C&rsquo;\u00e9tait un moment o\u00f9 les interfaces graphiques \u00e9taient faibles et rares. Aujourd&rsquo;hui, quelques-uns des 300 programmes de Netpbm sont tr\u00e8s populaires, mais la plupart d&rsquo;entre eux sont principalement utilis\u00e9s par de tr\u00e8s vieux programmes et m\u00eame par des programmeurs plus \u00e2g\u00e9s. Une personne est plus susceptible de recadrer une image aujourd&rsquo;hui en utilisant Adobe Photoshop ou Gimp que <strong>pnmcrop<\/strong> de Netpbm ou de convertir de GIF en PNG avec ImageMagick.<\/p>\n<p>Une autre raison de la baisse de popularit\u00e9 est que la caract\u00e9ristique principale de Netpbm quand il \u00e9tait nouveau \u00e9tait sa capacit\u00e9 \u00e0 convertir entre les formats graphiques. Tous les formats de Netpbm, \u00e0 l&rsquo;exception de huit, ne sont connus que dans les mus\u00e9es d&rsquo;aujourd&rsquo;hui.<\/p>\n<p>Rien de tout cela signifie que Netpbm est obsol\u00e8te. Dans la niche des ing\u00e9nieurs qui appr\u00e9cient la conception modulaire, la r\u00e9utilisation de code, et la construction de choses \u00e0 partir de blocs de construction, Netpbm n&rsquo;a pas d&rsquo;\u00e9gal. Ces personnes continuent \u00e0 l&rsquo;utiliser en grand nombre, et il y a de nouvelles versions, contenant g\u00e9n\u00e9ralement de nouvelles fonctionnalit\u00e9s, tous les trois mois.<\/p>\n<p>En juin 2012, Akira F Urushibata, d\u00e9veloppeur et utilisateur de Netpbm, a \u00e9tudi\u00e9 le syst\u00e8me d&rsquo;exploitation Fedora bas\u00e9 sur Linux et a d\u00e9couvert que 114 programmes Netpbm \u00e9taient utilis\u00e9s dans une certaine mesure dans au moins un paquet Fedora. Cela incluait des convertisseurs pour 34 formats graphiques.<\/p>\n<p>Les dix programmes Netpbm les plus populaires (en nombre de paquets qui l&rsquo;utilisent) dans Fedora \u00e9taient, dans l&rsquo;ordre, des plus populaires :<\/p>\n<p>1.<strong>pnmtopng\/pngtopnm<\/strong> (Convertisseur pour PNG)<br \/>\n2.<strong>pnmtops<\/strong> (Convertisseur pour Postscript)<br \/>\n3.<strong>ppmtogif\/giftopnm<\/strong> (Convertisseur pour GIF)<br \/>\n4.<strong>pnmquant<\/strong> (quantificateur de couleur)<br \/>\n5.<strong>pamscale<\/strong> (Image scaler &#8211; agrandit et r\u00e9duit les images)<br \/>\n6.<strong>tifftopnm\/pnmtotiff<\/strong> (Convertisseur pour TIFF)<br \/>\n7.<strong>jpegtopnm<\/strong> (Convertisseur pour JFIF)<br \/>\n8.<strong>ppmtopgm<\/strong> (convertisseur)<br \/>\n9.<strong>pamcut<\/strong> (images de cultures)<br \/>\n10.<strong>bmptopnm\/ppmtobmp<\/strong> (Convertisseur pour BMP).<\/p>\n<p>Les dix convertisseurs sans compter les plus populaires \u00e9taient:<\/p>\n<p>1.<strong>pnmquant<\/strong> (quantificateur de couleur)<br \/>\n2.<strong>pamscale<\/strong> (Image scaler &#8211; agrandit et r\u00e9duit les images)<br \/>\n3.<strong>pamcut<\/strong> (images de cultures)<br \/>\n4.<strong>pamfile<\/strong> (renvoie les dimensions d&rsquo;une image)<br \/>\n5.<strong>pnmcrop<\/strong> (Supprime les bordures des images)<br \/>\n6.<strong>pamflip<\/strong> (retourne les images de diff\u00e9rentes fa\u00e7ons)<br \/>\n7.<strong>pnminvert<\/strong> (\u00c9changes noir pour blanc)<br \/>\n8.<strong>pnmrotate<\/strong> (Rotation des images)<br \/>\n9.<strong>ppmdist<\/strong> (am\u00e9liore le contraste)<br \/>\n10.<strong>ppmnorm<\/strong> (am\u00e9liore le contraste)<\/p>\n<p>Il est \u00e0 noter que les d\u00e9pendances de paquet r\u00e9elles montrent beaucoup moins d&rsquo;utilisation de Netpbm que ces nombres indiquent. Cette \u00e9tude a \u00e9t\u00e9 faite en recherchant les noms des programmes Netpbm dans les fichiers des paquets.<\/p>\n<p>Le nombre de t\u00e9l\u00e9chargements n&rsquo;est pas possible parce que Netpbm distribue principalement via la commande Subversion.<\/p>\n<p><strong>Histoire<br \/>\n<\/strong><br \/>\nL&rsquo;<a href=\"http:\/\/netpbm.sourceforge.net\/history.html\">histoire de Netpbm<\/a> remonte \u00e0 1988. Bri\u00e8vement: Netpbm remplace le paquet Pbmplus largement r\u00e9pandu (derni\u00e8re sortie le 10 d\u00e9cembre 1991). Une myriade d&rsquo;am\u00e9liorations et d&rsquo;ajouts ont \u00e9t\u00e9 faits. Apr\u00e8s la derni\u00e8re version de Pbmplus, beaucoup de filtres suppl\u00e9mentaires ont commenc\u00e9 \u00e0 circuler sur le net, ce qui \u00e9tait un \u00e9tat de fait assez nouveau \u00e0 l&rsquo;\u00e9poque. Le but de Netpbm \u00e9tait de les rassembler et de les transformer en un paquet, d&rsquo;o\u00f9 le nom \u00ab\u00a0Netpbm\u00a0\u00bb. Ce travail a \u00e9t\u00e9 r\u00e9alis\u00e9 par des programmeurs du monde entier.<\/p>\n<p>Pour plus d&rsquo;informations sur l&rsquo;historique des modifications de code, voir <a href=\"http:\/\/netpbm.sourceforge.net\/change.html\">change.html<\/a>. De l\u00e0, vous pouvez dire si un certain bug a \u00e9t\u00e9 corrig\u00e9 depuis la version dans laquelle vous le voyez, et quelles sont les nouvelles fonctionnalit\u00e9s dans les versions plus r\u00e9centes que ce que vous avez.<\/p>\n<p>Source : <a href=\"http:\/\/netpbm.sourceforge.net\/\">http:\/\/netpbm.sourceforge.net\/<\/a><\/p>\n","protected":false},"excerpt":{"rendered":"<p>Ceci est la page d&rsquo;accueil de Netpbm. Il y a des traductions de cette page en hindi, arabe, russe, italien, turc, ukrainien, indon\u00e9sien, roumain, bi\u00e9lorusse, albanais et estonien. \u00c0 propos de Netpbm Netpbm est une bo\u00eete \u00e0 outils pour la manipulation d&rsquo;images graphiques, y compris la conversion d&rsquo;images entre diff\u00e9rents formats. Il y a plus &hellip; <a href=\"https:\/\/fr.koddos.net\/blog\/netpbm\/\" class=\"more-link\">Continue reading <span class=\"screen-reader-text\">Netpbm<\/span><\/a><\/p>\n","protected":false},"author":1,"featured_media":0,"parent":0,"menu_order":0,"comment_status":"closed","ping_status":"closed","template":"","meta":{"jetpack_post_was_ever_published":false,"footnotes":""},"class_list":["post-108","page","type-page","status-publish","hentry"],"yoast_head":"<!-- This site is optimized with the Yoast SEO plugin v27.4 - https:\/\/yoast.com\/product\/yoast-seo-wordpress\/ -->\n<title>Netpbm - Blog KoDDoS<\/title>\n<meta name=\"robots\" content=\"index, follow, max-snippet:-1, max-image-preview:large, max-video-preview:-1\" \/>\n<link rel=\"canonical\" href=\"https:\/\/fr.koddos.net\/blog\/netpbm\/\" \/>\n<meta property=\"og:locale\" content=\"fr_FR\" \/>\n<meta property=\"og:type\" content=\"article\" \/>\n<meta property=\"og:title\" content=\"Netpbm - Blog KoDDoS\" \/>\n<meta property=\"og:description\" content=\"Ceci est la page d&rsquo;accueil de Netpbm. Il y a des traductions de cette page en hindi, arabe, russe, italien, turc, ukrainien, indon\u00e9sien, roumain, bi\u00e9lorusse, albanais et estonien. \u00c0 propos de Netpbm Netpbm est une bo\u00eete \u00e0 outils pour la manipulation d&rsquo;images graphiques, y compris la conversion d&rsquo;images entre diff\u00e9rents formats. Il y a plus &hellip; Continue reading Netpbm\" \/>\n<meta property=\"og:url\" content=\"https:\/\/fr.koddos.net\/blog\/netpbm\/\" \/>\n<meta property=\"og:site_name\" content=\"Blog KoDDoS\" \/>\n<meta property=\"article:publisher\" content=\"https:\/\/www.facebook.com\/koddosCom\" \/>\n<meta property=\"article:modified_time\" content=\"2018-02-12T13:11:20+00:00\" \/>\n<meta property=\"og:image\" content=\"https:\/\/sourceforge.net\/sflogo.php?group_id=5128&amp;type=1\" \/>\n<meta name=\"twitter:card\" content=\"summary_large_image\" \/>\n<meta name=\"twitter:site\" content=\"@koddoscom\" \/>\n<meta name=\"twitter:label1\" content=\"Dur\u00e9e de lecture estim\u00e9e\" \/>\n\t<meta name=\"twitter:data1\" content=\"9 minutes\" \/>\n<script type=\"application\/ld+json\" class=\"yoast-schema-graph\">{\"@context\":\"https:\\\/\\\/schema.org\",\"@graph\":[{\"@type\":\"WebPage\",\"@id\":\"https:\\\/\\\/fr.koddos.net\\\/blog\\\/netpbm\\\/\",\"url\":\"https:\\\/\\\/fr.koddos.net\\\/blog\\\/netpbm\\\/\",\"name\":\"Netpbm - Blog KoDDoS\",\"isPartOf\":{\"@id\":\"https:\\\/\\\/fr.koddos.net\\\/blog\\\/#website\"},\"primaryImageOfPage\":{\"@id\":\"https:\\\/\\\/fr.koddos.net\\\/blog\\\/netpbm\\\/#primaryimage\"},\"image\":{\"@id\":\"https:\\\/\\\/fr.koddos.net\\\/blog\\\/netpbm\\\/#primaryimage\"},\"thumbnailUrl\":\"https:\\\/\\\/sourceforge.net\\\/sflogo.php?group_id=5128&amp;type=1\",\"datePublished\":\"2018-02-12T12:59:21+00:00\",\"dateModified\":\"2018-02-12T13:11:20+00:00\",\"breadcrumb\":{\"@id\":\"https:\\\/\\\/fr.koddos.net\\\/blog\\\/netpbm\\\/#breadcrumb\"},\"inLanguage\":\"fr-FR\",\"potentialAction\":[{\"@type\":\"ReadAction\",\"target\":[\"https:\\\/\\\/fr.koddos.net\\\/blog\\\/netpbm\\\/\"]}]},{\"@type\":\"ImageObject\",\"inLanguage\":\"fr-FR\",\"@id\":\"https:\\\/\\\/fr.koddos.net\\\/blog\\\/netpbm\\\/#primaryimage\",\"url\":\"https:\\\/\\\/sourceforge.net\\\/sflogo.php?group_id=5128&amp;type=1\",\"contentUrl\":\"https:\\\/\\\/sourceforge.net\\\/sflogo.php?group_id=5128&amp;type=1\"},{\"@type\":\"BreadcrumbList\",\"@id\":\"https:\\\/\\\/fr.koddos.net\\\/blog\\\/netpbm\\\/#breadcrumb\",\"itemListElement\":[{\"@type\":\"ListItem\",\"position\":1,\"name\":\"Accueil\",\"item\":\"https:\\\/\\\/fr.koddos.net\\\/blog\\\/\"},{\"@type\":\"ListItem\",\"position\":2,\"name\":\"Netpbm\"}]},{\"@type\":\"WebSite\",\"@id\":\"https:\\\/\\\/fr.koddos.net\\\/blog\\\/#website\",\"url\":\"https:\\\/\\\/fr.koddos.net\\\/blog\\\/\",\"name\":\"Blog KoDDoS\",\"description\":\"Blog KoDDoS est un blog d\u2019information et d\u2019actualit\u00e9 focalis\u00e9 sur le hacking, la cyber criminalit\u00e9, la vie priv\u00e9e et la surveillance.\",\"publisher\":{\"@id\":\"https:\\\/\\\/fr.koddos.net\\\/blog\\\/#organization\"},\"potentialAction\":[{\"@type\":\"SearchAction\",\"target\":{\"@type\":\"EntryPoint\",\"urlTemplate\":\"https:\\\/\\\/fr.koddos.net\\\/blog\\\/?s={search_term_string}\"},\"query-input\":{\"@type\":\"PropertyValueSpecification\",\"valueRequired\":true,\"valueName\":\"search_term_string\"}}],\"inLanguage\":\"fr-FR\"},{\"@type\":\"Organization\",\"@id\":\"https:\\\/\\\/fr.koddos.net\\\/blog\\\/#organization\",\"name\":\"KoDDoS\",\"url\":\"https:\\\/\\\/fr.koddos.net\\\/blog\\\/\",\"logo\":{\"@type\":\"ImageObject\",\"inLanguage\":\"fr-FR\",\"@id\":\"https:\\\/\\\/fr.koddos.net\\\/blog\\\/#\\\/schema\\\/logo\\\/image\\\/\",\"url\":\"https:\\\/\\\/i1.wp.com\\\/fr.koddos.net\\\/blog\\\/wp-content\\\/uploads\\\/2018\\\/02\\\/logo.png?fit=258%2C55&ssl=1\",\"contentUrl\":\"https:\\\/\\\/i1.wp.com\\\/fr.koddos.net\\\/blog\\\/wp-content\\\/uploads\\\/2018\\\/02\\\/logo.png?fit=258%2C55&ssl=1\",\"width\":258,\"height\":55,\"caption\":\"KoDDoS\"},\"image\":{\"@id\":\"https:\\\/\\\/fr.koddos.net\\\/blog\\\/#\\\/schema\\\/logo\\\/image\\\/\"},\"sameAs\":[\"https:\\\/\\\/www.facebook.com\\\/koddosCom\",\"https:\\\/\\\/x.com\\\/koddoscom\"]}]}<\/script>\n<!-- \/ Yoast SEO plugin. -->","yoast_head_json":{"title":"Netpbm - Blog KoDDoS","robots":{"index":"index","follow":"follow","max-snippet":"max-snippet:-1","max-image-preview":"max-image-preview:large","max-video-preview":"max-video-preview:-1"},"canonical":"https:\/\/fr.koddos.net\/blog\/netpbm\/","og_locale":"fr_FR","og_type":"article","og_title":"Netpbm - Blog KoDDoS","og_description":"Ceci est la page d&rsquo;accueil de Netpbm. Il y a des traductions de cette page en hindi, arabe, russe, italien, turc, ukrainien, indon\u00e9sien, roumain, bi\u00e9lorusse, albanais et estonien. \u00c0 propos de Netpbm Netpbm est une bo\u00eete \u00e0 outils pour la manipulation d&rsquo;images graphiques, y compris la conversion d&rsquo;images entre diff\u00e9rents formats. Il y a plus &hellip; Continue reading Netpbm","og_url":"https:\/\/fr.koddos.net\/blog\/netpbm\/","og_site_name":"Blog KoDDoS","article_publisher":"https:\/\/www.facebook.com\/koddosCom","article_modified_time":"2018-02-12T13:11:20+00:00","og_image":[{"url":"https:\/\/sourceforge.net\/sflogo.php?group_id=5128&amp;type=1","type":"","width":"","height":""}],"twitter_card":"summary_large_image","twitter_site":"@koddoscom","twitter_misc":{"Dur\u00e9e de lecture estim\u00e9e":"9 minutes"},"schema":{"@context":"https:\/\/schema.org","@graph":[{"@type":"WebPage","@id":"https:\/\/fr.koddos.net\/blog\/netpbm\/","url":"https:\/\/fr.koddos.net\/blog\/netpbm\/","name":"Netpbm - Blog KoDDoS","isPartOf":{"@id":"https:\/\/fr.koddos.net\/blog\/#website"},"primaryImageOfPage":{"@id":"https:\/\/fr.koddos.net\/blog\/netpbm\/#primaryimage"},"image":{"@id":"https:\/\/fr.koddos.net\/blog\/netpbm\/#primaryimage"},"thumbnailUrl":"https:\/\/sourceforge.net\/sflogo.php?group_id=5128&amp;type=1","datePublished":"2018-02-12T12:59:21+00:00","dateModified":"2018-02-12T13:11:20+00:00","breadcrumb":{"@id":"https:\/\/fr.koddos.net\/blog\/netpbm\/#breadcrumb"},"inLanguage":"fr-FR","potentialAction":[{"@type":"ReadAction","target":["https:\/\/fr.koddos.net\/blog\/netpbm\/"]}]},{"@type":"ImageObject","inLanguage":"fr-FR","@id":"https:\/\/fr.koddos.net\/blog\/netpbm\/#primaryimage","url":"https:\/\/sourceforge.net\/sflogo.php?group_id=5128&amp;type=1","contentUrl":"https:\/\/sourceforge.net\/sflogo.php?group_id=5128&amp;type=1"},{"@type":"BreadcrumbList","@id":"https:\/\/fr.koddos.net\/blog\/netpbm\/#breadcrumb","itemListElement":[{"@type":"ListItem","position":1,"name":"Accueil","item":"https:\/\/fr.koddos.net\/blog\/"},{"@type":"ListItem","position":2,"name":"Netpbm"}]},{"@type":"WebSite","@id":"https:\/\/fr.koddos.net\/blog\/#website","url":"https:\/\/fr.koddos.net\/blog\/","name":"Blog KoDDoS","description":"Blog KoDDoS est un blog d\u2019information et d\u2019actualit\u00e9 focalis\u00e9 sur le hacking, la cyber criminalit\u00e9, la vie priv\u00e9e et la surveillance.","publisher":{"@id":"https:\/\/fr.koddos.net\/blog\/#organization"},"potentialAction":[{"@type":"SearchAction","target":{"@type":"EntryPoint","urlTemplate":"https:\/\/fr.koddos.net\/blog\/?s={search_term_string}"},"query-input":{"@type":"PropertyValueSpecification","valueRequired":true,"valueName":"search_term_string"}}],"inLanguage":"fr-FR"},{"@type":"Organization","@id":"https:\/\/fr.koddos.net\/blog\/#organization","name":"KoDDoS","url":"https:\/\/fr.koddos.net\/blog\/","logo":{"@type":"ImageObject","inLanguage":"fr-FR","@id":"https:\/\/fr.koddos.net\/blog\/#\/schema\/logo\/image\/","url":"https:\/\/i1.wp.com\/fr.koddos.net\/blog\/wp-content\/uploads\/2018\/02\/logo.png?fit=258%2C55&ssl=1","contentUrl":"https:\/\/i1.wp.com\/fr.koddos.net\/blog\/wp-content\/uploads\/2018\/02\/logo.png?fit=258%2C55&ssl=1","width":258,"height":55,"caption":"KoDDoS"},"image":{"@id":"https:\/\/fr.koddos.net\/blog\/#\/schema\/logo\/image\/"},"sameAs":["https:\/\/www.facebook.com\/koddosCom","https:\/\/x.com\/koddoscom"]}]}},"jetpack_sharing_enabled":true,"jetpack_shortlink":"https:\/\/wp.me\/P9DjzA-1K","jetpack_likes_enabled":true,"_links":{"self":[{"href":"https:\/\/fr.koddos.net\/blog\/wp-json\/wp\/v2\/pages\/108","targetHints":{"allow":["GET"]}}],"collection":[{"href":"https:\/\/fr.koddos.net\/blog\/wp-json\/wp\/v2\/pages"}],"about":[{"href":"https:\/\/fr.koddos.net\/blog\/wp-json\/wp\/v2\/types\/page"}],"author":[{"embeddable":true,"href":"https:\/\/fr.koddos.net\/blog\/wp-json\/wp\/v2\/users\/1"}],"replies":[{"embeddable":true,"href":"https:\/\/fr.koddos.net\/blog\/wp-json\/wp\/v2\/comments?post=108"}],"version-history":[{"count":2,"href":"https:\/\/fr.koddos.net\/blog\/wp-json\/wp\/v2\/pages\/108\/revisions"}],"predecessor-version":[{"id":111,"href":"https:\/\/fr.koddos.net\/blog\/wp-json\/wp\/v2\/pages\/108\/revisions\/111"}],"wp:attachment":[{"href":"https:\/\/fr.koddos.net\/blog\/wp-json\/wp\/v2\/media?parent=108"}],"curies":[{"name":"wp","href":"https:\/\/api.w.org\/{rel}","templated":true}]}}