{"id":172,"date":"2018-02-13T05:11:48","date_gmt":"2018-02-13T04:11:48","guid":{"rendered":"https:\/\/fr.koddos.net\/blog\/?page_id=172"},"modified":"2018-02-13T05:17:22","modified_gmt":"2018-02-13T04:17:22","slug":"exoplanetes-introduction","status":"publish","type":"page","link":"https:\/\/fr.koddos.net\/blog\/exoplanetes-introduction\/","title":{"rendered":"Exoplan\u00e8tes &#8211; Introduction"},"content":{"rendered":"<p><img data-recalc-dims=\"1\" loading=\"lazy\" decoding=\"async\" data-attachment-id=\"173\" data-permalink=\"https:\/\/fr.koddos.net\/blog\/exoplanetes-introduction\/exoplanet\/\" data-orig-file=\"https:\/\/i0.wp.com\/fr.koddos.net\/blog\/wp-content\/uploads\/2018\/02\/exoplanet.jpg?fit=250%2C292&amp;ssl=1\" data-orig-size=\"250,292\" data-comments-opened=\"1\" data-image-meta=\"{&quot;aperture&quot;:&quot;0&quot;,&quot;credit&quot;:&quot;&quot;,&quot;camera&quot;:&quot;&quot;,&quot;caption&quot;:&quot;&quot;,&quot;created_timestamp&quot;:&quot;0&quot;,&quot;copyright&quot;:&quot;&quot;,&quot;focal_length&quot;:&quot;0&quot;,&quot;iso&quot;:&quot;0&quot;,&quot;shutter_speed&quot;:&quot;0&quot;,&quot;title&quot;:&quot;&quot;,&quot;orientation&quot;:&quot;1&quot;}\" data-image-title=\"exoplanet\" data-image-description=\"\" data-image-caption=\"\" data-large-file=\"https:\/\/i0.wp.com\/fr.koddos.net\/blog\/wp-content\/uploads\/2018\/02\/exoplanet.jpg?fit=250%2C292&amp;ssl=1\" class=\"size-full wp-image-173 alignnone\" src=\"https:\/\/i0.wp.com\/fr.koddos.net\/blog\/wp-content\/uploads\/2018\/02\/exoplanet.jpg?resize=250%2C292&#038;ssl=1\" alt=\"\" width=\"250\" height=\"292\" \/><\/p>\n<p>La toute premi\u00e8re image d&rsquo;une plan\u00e8te en dehors de notre syst\u00e8me solaire: le VLT (Very Large Telescope) de l&rsquo;Observatoire europ\u00e9en austral a captur\u00e9 cette image d&rsquo;une \u00e9toile naine brune (au centre) et son compagnon plan\u00e9taire.<\/p>\n<p>Le VLT de 8,2 m\u00e8tres de l&rsquo;Observatoire de Paranal (cliquez pour les photos de presse et les informations) a cr\u00e9\u00e9 cette image \u00e0 partir d&rsquo;un composite de trois expositions dans le proche infrarouge. Une naine brune n&rsquo;est pas une \u00e9toile \u00e0 part enti\u00e8re, mais \u00e9met fortement dans le proche infrarouge. Une plan\u00e8te ne g\u00e9n\u00e8re pas de chaleur comme une \u00e9toile ou un nain brun, donc l&rsquo;imagerie IR est n\u00e9cessaire.<\/p>\n<p>Pour moi, rien n&rsquo;est plus excitant dans le monde de l&rsquo;astronomie que la d\u00e9tection d&rsquo;exoplan\u00e8tes. En utilisant une technologie incroyable, nous sommes capables de d\u00e9tecter l&rsquo;incidence d&rsquo;une plan\u00e8te sur une \u00e9toile &#8211; indirectement ou directement &#8211; afin de d\u00e9terminer non seulement la pr\u00e9sence d&rsquo;une plan\u00e8te en orbite, mais aussi la taille de l&rsquo;orbite, la vitesse orbitale et la masse plan\u00e9taire.<\/p>\n<p>En utilisant certaines des <a href=\"http:\/\/astronomyonline.org\/Science\/BasicMathematics.asp?Cate=Science&amp;SubCate=MP03\">math\u00e9matiques<\/a> fondamentales utilis\u00e9es dans d&rsquo;autres aspects de l&rsquo;astronomie, nous sommes en mesure d&rsquo;appliquer cette connaissance \u00e0 l&rsquo;\u00e9tude des exoplan\u00e8tes.<\/p>\n<p>Quand on parle d&rsquo;exoplan\u00e8tes, deux termes viennent souvent \u00e0 l&rsquo;esprit:<br \/>\n\u2022 Exoplan\u00e8tes<br \/>\n\u2022 Plan\u00e8tes extrasolaires (ou plan\u00e8tes extrasolaires)<\/p>\n<p>Ces deux termes sont les m\u00eames, d\u00e9crivant une plan\u00e8te ou un syst\u00e8me plan\u00e9taire en orbite autour d&rsquo;une \u00e9toile autre que notre <a href=\"http:\/\/astronomyonline.org\/SolarSystem\/SunIntroduction.asp?Cate=SolarSystem&amp;SubCate=OurSun&amp;SubCate2=SS01\">Soleil<\/a>.<\/p>\n<p>Ce site va d\u00e9composer les m\u00e9thodes de d\u00e9tection de base utilis\u00e9es par les <a href=\"http:\/\/astronomyonline.org\/Exoplanets\/AmateurDetection.asp?Cate=Exoplanets&amp;SubCate=EP03\">amateurs<\/a> et les <a href=\"http:\/\/astronomyonline.org\/Exoplanets\/ProfessionalDetection.asp?Cate=Exoplanets&amp;SubCate=EP02\">professionnels<\/a>. Une excellente introduction est mon propre document de <a href=\"http:\/\/astronomyonline.org\/Exoplanets\/Exoplanets.asp?Cate=Exoplanets&amp;SubCate=Exoplanets\">projet sur la d\u00e9tection des exoplan\u00e8tes<\/a>.<\/p>\n<p>Deux liens r\u00e9cents que j&rsquo;ai trouv\u00e9s sur le site Web de la NASA comprennent de tr\u00e8s bonnes informations ainsi qu&rsquo;une tr\u00e8s belle applet illustrant l&#8217;emplacement des plan\u00e8tes connues:<\/p>\n<ul>\n<li style=\"list-style-type: none;\">\n<ul>\n<li><a href=\"https:\/\/exoplanets.nasa.gov\/newworldsatlas\/\">Atlas du nouveau monde PlanetQuest<\/a><\/li>\n<li><a href=\"http:\/\/planetquest.jpl.nasa.gov\/\">PlaSite principal PlanetQuest<\/a><\/li>\n<\/ul>\n<\/li>\n<\/ul>\n<p>Le but de cette section est de d\u00e9crire mes progr\u00e8s dans <a href=\"http:\/\/astronomyonline.org\/Exoplanets\/MyProjects.asp?Cate=Exoplanets&amp;SubCate=EP04\">mon propre projet\u00a0 <\/a>sur la recherche de plan\u00e8te (pour bient\u00f4t). Les autres sous-sections fournissent des ressources pour en savoir plus.<\/p>\n<p>Source : <a href=\"http:\/\/astronomyonline.org\/Exoplanets\/Introduction.asp?Cate=Exoplanets&amp;SubCate=EP01\">http:\/\/astronomyonline.org\/Exoplanets\/Introduction.asp?Cate=Exoplanets&amp;SubCate=EP01<\/a><\/p>\n","protected":false},"excerpt":{"rendered":"<p>La toute premi\u00e8re image d&rsquo;une plan\u00e8te en dehors de notre syst\u00e8me solaire: le VLT (Very Large Telescope) de l&rsquo;Observatoire europ\u00e9en austral a captur\u00e9 cette image d&rsquo;une \u00e9toile naine brune (au centre) et son compagnon plan\u00e9taire. Le VLT de 8,2 m\u00e8tres de l&rsquo;Observatoire de Paranal (cliquez pour les photos de presse et les informations) a cr\u00e9\u00e9 &hellip; <a href=\"https:\/\/fr.koddos.net\/blog\/exoplanetes-introduction\/\" class=\"more-link\">Continue reading <span class=\"screen-reader-text\">Exoplan\u00e8tes &#8211; Introduction<\/span><\/a><\/p>\n","protected":false},"author":1,"featured_media":0,"parent":0,"menu_order":0,"comment_status":"closed","ping_status":"closed","template":"","meta":{"jetpack_post_was_ever_published":false,"footnotes":""},"class_list":["post-172","page","type-page","status-publish","hentry"],"yoast_head":"<!-- This site is optimized with the Yoast SEO plugin v27.5 - https:\/\/yoast.com\/product\/yoast-seo-wordpress\/ -->\n<title>Exoplan\u00e8tes - Introduction - Blog KoDDoS<\/title>\n<meta name=\"robots\" content=\"index, follow, max-snippet:-1, max-image-preview:large, max-video-preview:-1\" \/>\n<link rel=\"canonical\" href=\"https:\/\/fr.koddos.net\/blog\/exoplanetes-introduction\/\" \/>\n<meta property=\"og:locale\" content=\"fr_FR\" \/>\n<meta property=\"og:type\" content=\"article\" \/>\n<meta property=\"og:title\" content=\"Exoplan\u00e8tes - Introduction - Blog KoDDoS\" \/>\n<meta property=\"og:description\" content=\"La toute premi\u00e8re image d&rsquo;une plan\u00e8te en dehors de notre syst\u00e8me solaire: le VLT (Very Large Telescope) de l&rsquo;Observatoire europ\u00e9en austral a captur\u00e9 cette image d&rsquo;une \u00e9toile naine brune (au centre) et son compagnon plan\u00e9taire. Le VLT de 8,2 m\u00e8tres de l&rsquo;Observatoire de Paranal (cliquez pour les photos de presse et les informations) a cr\u00e9\u00e9 &hellip; Continue reading Exoplan\u00e8tes &#8211; Introduction\" \/>\n<meta property=\"og:url\" content=\"https:\/\/fr.koddos.net\/blog\/exoplanetes-introduction\/\" \/>\n<meta property=\"og:site_name\" content=\"Blog KoDDoS\" \/>\n<meta property=\"article:publisher\" content=\"https:\/\/www.facebook.com\/koddosCom\" \/>\n<meta property=\"article:modified_time\" content=\"2018-02-13T04:17:22+00:00\" \/>\n<meta property=\"og:image\" content=\"https:\/\/fr.koddos.net\/blog\/wp-content\/uploads\/2018\/02\/exoplanet.jpg\" \/>\n<meta name=\"twitter:card\" content=\"summary_large_image\" \/>\n<meta name=\"twitter:site\" content=\"@koddoscom\" \/>\n<meta name=\"twitter:label1\" content=\"Dur\u00e9e de lecture estim\u00e9e\" \/>\n\t<meta name=\"twitter:data1\" content=\"2 minutes\" \/>\n<script type=\"application\/ld+json\" class=\"yoast-schema-graph\">{\"@context\":\"https:\\\/\\\/schema.org\",\"@graph\":[{\"@type\":\"WebPage\",\"@id\":\"https:\\\/\\\/fr.koddos.net\\\/blog\\\/exoplanetes-introduction\\\/\",\"url\":\"https:\\\/\\\/fr.koddos.net\\\/blog\\\/exoplanetes-introduction\\\/\",\"name\":\"Exoplan\u00e8tes - Introduction - Blog KoDDoS\",\"isPartOf\":{\"@id\":\"https:\\\/\\\/fr.koddos.net\\\/blog\\\/#website\"},\"primaryImageOfPage\":{\"@id\":\"https:\\\/\\\/fr.koddos.net\\\/blog\\\/exoplanetes-introduction\\\/#primaryimage\"},\"image\":{\"@id\":\"https:\\\/\\\/fr.koddos.net\\\/blog\\\/exoplanetes-introduction\\\/#primaryimage\"},\"thumbnailUrl\":\"https:\\\/\\\/fr.koddos.net\\\/blog\\\/wp-content\\\/uploads\\\/2018\\\/02\\\/exoplanet.jpg\",\"datePublished\":\"2018-02-13T04:11:48+00:00\",\"dateModified\":\"2018-02-13T04:17:22+00:00\",\"breadcrumb\":{\"@id\":\"https:\\\/\\\/fr.koddos.net\\\/blog\\\/exoplanetes-introduction\\\/#breadcrumb\"},\"inLanguage\":\"fr-FR\",\"potentialAction\":[{\"@type\":\"ReadAction\",\"target\":[\"https:\\\/\\\/fr.koddos.net\\\/blog\\\/exoplanetes-introduction\\\/\"]}]},{\"@type\":\"ImageObject\",\"inLanguage\":\"fr-FR\",\"@id\":\"https:\\\/\\\/fr.koddos.net\\\/blog\\\/exoplanetes-introduction\\\/#primaryimage\",\"url\":\"https:\\\/\\\/i0.wp.com\\\/fr.koddos.net\\\/blog\\\/wp-content\\\/uploads\\\/2018\\\/02\\\/exoplanet.jpg?fit=250%2C292&ssl=1\",\"contentUrl\":\"https:\\\/\\\/i0.wp.com\\\/fr.koddos.net\\\/blog\\\/wp-content\\\/uploads\\\/2018\\\/02\\\/exoplanet.jpg?fit=250%2C292&ssl=1\",\"width\":250,\"height\":292},{\"@type\":\"BreadcrumbList\",\"@id\":\"https:\\\/\\\/fr.koddos.net\\\/blog\\\/exoplanetes-introduction\\\/#breadcrumb\",\"itemListElement\":[{\"@type\":\"ListItem\",\"position\":1,\"name\":\"Accueil\",\"item\":\"https:\\\/\\\/fr.koddos.net\\\/blog\\\/\"},{\"@type\":\"ListItem\",\"position\":2,\"name\":\"Exoplan\u00e8tes &#8211; Introduction\"}]},{\"@type\":\"WebSite\",\"@id\":\"https:\\\/\\\/fr.koddos.net\\\/blog\\\/#website\",\"url\":\"https:\\\/\\\/fr.koddos.net\\\/blog\\\/\",\"name\":\"Blog KoDDoS\",\"description\":\"Blog KoDDoS est un blog d\u2019information et d\u2019actualit\u00e9 focalis\u00e9 sur le hacking, la cyber criminalit\u00e9, la vie priv\u00e9e et la surveillance.\",\"publisher\":{\"@id\":\"https:\\\/\\\/fr.koddos.net\\\/blog\\\/#organization\"},\"potentialAction\":[{\"@type\":\"SearchAction\",\"target\":{\"@type\":\"EntryPoint\",\"urlTemplate\":\"https:\\\/\\\/fr.koddos.net\\\/blog\\\/?s={search_term_string}\"},\"query-input\":{\"@type\":\"PropertyValueSpecification\",\"valueRequired\":true,\"valueName\":\"search_term_string\"}}],\"inLanguage\":\"fr-FR\"},{\"@type\":\"Organization\",\"@id\":\"https:\\\/\\\/fr.koddos.net\\\/blog\\\/#organization\",\"name\":\"KoDDoS\",\"url\":\"https:\\\/\\\/fr.koddos.net\\\/blog\\\/\",\"logo\":{\"@type\":\"ImageObject\",\"inLanguage\":\"fr-FR\",\"@id\":\"https:\\\/\\\/fr.koddos.net\\\/blog\\\/#\\\/schema\\\/logo\\\/image\\\/\",\"url\":\"https:\\\/\\\/i1.wp.com\\\/fr.koddos.net\\\/blog\\\/wp-content\\\/uploads\\\/2018\\\/02\\\/logo.png?fit=258%2C55&ssl=1\",\"contentUrl\":\"https:\\\/\\\/i1.wp.com\\\/fr.koddos.net\\\/blog\\\/wp-content\\\/uploads\\\/2018\\\/02\\\/logo.png?fit=258%2C55&ssl=1\",\"width\":258,\"height\":55,\"caption\":\"KoDDoS\"},\"image\":{\"@id\":\"https:\\\/\\\/fr.koddos.net\\\/blog\\\/#\\\/schema\\\/logo\\\/image\\\/\"},\"sameAs\":[\"https:\\\/\\\/www.facebook.com\\\/koddosCom\",\"https:\\\/\\\/x.com\\\/koddoscom\"]}]}<\/script>\n<!-- \/ Yoast SEO plugin. -->","yoast_head_json":{"title":"Exoplan\u00e8tes - Introduction - Blog KoDDoS","robots":{"index":"index","follow":"follow","max-snippet":"max-snippet:-1","max-image-preview":"max-image-preview:large","max-video-preview":"max-video-preview:-1"},"canonical":"https:\/\/fr.koddos.net\/blog\/exoplanetes-introduction\/","og_locale":"fr_FR","og_type":"article","og_title":"Exoplan\u00e8tes - Introduction - Blog KoDDoS","og_description":"La toute premi\u00e8re image d&rsquo;une plan\u00e8te en dehors de notre syst\u00e8me solaire: le VLT (Very Large Telescope) de l&rsquo;Observatoire europ\u00e9en austral a captur\u00e9 cette image d&rsquo;une \u00e9toile naine brune (au centre) et son compagnon plan\u00e9taire. Le VLT de 8,2 m\u00e8tres de l&rsquo;Observatoire de Paranal (cliquez pour les photos de presse et les informations) a cr\u00e9\u00e9 &hellip; Continue reading Exoplan\u00e8tes &#8211; Introduction","og_url":"https:\/\/fr.koddos.net\/blog\/exoplanetes-introduction\/","og_site_name":"Blog KoDDoS","article_publisher":"https:\/\/www.facebook.com\/koddosCom","article_modified_time":"2018-02-13T04:17:22+00:00","og_image":[{"url":"https:\/\/fr.koddos.net\/blog\/wp-content\/uploads\/2018\/02\/exoplanet.jpg","type":"","width":"","height":""}],"twitter_card":"summary_large_image","twitter_site":"@koddoscom","twitter_misc":{"Dur\u00e9e de lecture estim\u00e9e":"2 minutes"},"schema":{"@context":"https:\/\/schema.org","@graph":[{"@type":"WebPage","@id":"https:\/\/fr.koddos.net\/blog\/exoplanetes-introduction\/","url":"https:\/\/fr.koddos.net\/blog\/exoplanetes-introduction\/","name":"Exoplan\u00e8tes - Introduction - Blog KoDDoS","isPartOf":{"@id":"https:\/\/fr.koddos.net\/blog\/#website"},"primaryImageOfPage":{"@id":"https:\/\/fr.koddos.net\/blog\/exoplanetes-introduction\/#primaryimage"},"image":{"@id":"https:\/\/fr.koddos.net\/blog\/exoplanetes-introduction\/#primaryimage"},"thumbnailUrl":"https:\/\/fr.koddos.net\/blog\/wp-content\/uploads\/2018\/02\/exoplanet.jpg","datePublished":"2018-02-13T04:11:48+00:00","dateModified":"2018-02-13T04:17:22+00:00","breadcrumb":{"@id":"https:\/\/fr.koddos.net\/blog\/exoplanetes-introduction\/#breadcrumb"},"inLanguage":"fr-FR","potentialAction":[{"@type":"ReadAction","target":["https:\/\/fr.koddos.net\/blog\/exoplanetes-introduction\/"]}]},{"@type":"ImageObject","inLanguage":"fr-FR","@id":"https:\/\/fr.koddos.net\/blog\/exoplanetes-introduction\/#primaryimage","url":"https:\/\/i0.wp.com\/fr.koddos.net\/blog\/wp-content\/uploads\/2018\/02\/exoplanet.jpg?fit=250%2C292&ssl=1","contentUrl":"https:\/\/i0.wp.com\/fr.koddos.net\/blog\/wp-content\/uploads\/2018\/02\/exoplanet.jpg?fit=250%2C292&ssl=1","width":250,"height":292},{"@type":"BreadcrumbList","@id":"https:\/\/fr.koddos.net\/blog\/exoplanetes-introduction\/#breadcrumb","itemListElement":[{"@type":"ListItem","position":1,"name":"Accueil","item":"https:\/\/fr.koddos.net\/blog\/"},{"@type":"ListItem","position":2,"name":"Exoplan\u00e8tes &#8211; Introduction"}]},{"@type":"WebSite","@id":"https:\/\/fr.koddos.net\/blog\/#website","url":"https:\/\/fr.koddos.net\/blog\/","name":"Blog KoDDoS","description":"Blog KoDDoS est un blog d\u2019information et d\u2019actualit\u00e9 focalis\u00e9 sur le hacking, la cyber criminalit\u00e9, la vie priv\u00e9e et la surveillance.","publisher":{"@id":"https:\/\/fr.koddos.net\/blog\/#organization"},"potentialAction":[{"@type":"SearchAction","target":{"@type":"EntryPoint","urlTemplate":"https:\/\/fr.koddos.net\/blog\/?s={search_term_string}"},"query-input":{"@type":"PropertyValueSpecification","valueRequired":true,"valueName":"search_term_string"}}],"inLanguage":"fr-FR"},{"@type":"Organization","@id":"https:\/\/fr.koddos.net\/blog\/#organization","name":"KoDDoS","url":"https:\/\/fr.koddos.net\/blog\/","logo":{"@type":"ImageObject","inLanguage":"fr-FR","@id":"https:\/\/fr.koddos.net\/blog\/#\/schema\/logo\/image\/","url":"https:\/\/i1.wp.com\/fr.koddos.net\/blog\/wp-content\/uploads\/2018\/02\/logo.png?fit=258%2C55&ssl=1","contentUrl":"https:\/\/i1.wp.com\/fr.koddos.net\/blog\/wp-content\/uploads\/2018\/02\/logo.png?fit=258%2C55&ssl=1","width":258,"height":55,"caption":"KoDDoS"},"image":{"@id":"https:\/\/fr.koddos.net\/blog\/#\/schema\/logo\/image\/"},"sameAs":["https:\/\/www.facebook.com\/koddosCom","https:\/\/x.com\/koddoscom"]}]}},"jetpack_sharing_enabled":true,"jetpack_shortlink":"https:\/\/wp.me\/P9DjzA-2M","jetpack_likes_enabled":true,"_links":{"self":[{"href":"https:\/\/fr.koddos.net\/blog\/wp-json\/wp\/v2\/pages\/172","targetHints":{"allow":["GET"]}}],"collection":[{"href":"https:\/\/fr.koddos.net\/blog\/wp-json\/wp\/v2\/pages"}],"about":[{"href":"https:\/\/fr.koddos.net\/blog\/wp-json\/wp\/v2\/types\/page"}],"author":[{"embeddable":true,"href":"https:\/\/fr.koddos.net\/blog\/wp-json\/wp\/v2\/users\/1"}],"replies":[{"embeddable":true,"href":"https:\/\/fr.koddos.net\/blog\/wp-json\/wp\/v2\/comments?post=172"}],"version-history":[{"count":6,"href":"https:\/\/fr.koddos.net\/blog\/wp-json\/wp\/v2\/pages\/172\/revisions"}],"predecessor-version":[{"id":179,"href":"https:\/\/fr.koddos.net\/blog\/wp-json\/wp\/v2\/pages\/172\/revisions\/179"}],"wp:attachment":[{"href":"https:\/\/fr.koddos.net\/blog\/wp-json\/wp\/v2\/media?parent=172"}],"curies":[{"name":"wp","href":"https:\/\/api.w.org\/{rel}","templated":true}]}}